{"id":1316,"date":"2017-10-16T04:10:26","date_gmt":"2017-10-16T04:10:26","guid":{"rendered":"http:\/\/ninzio.com\/agrikole\/?page_id=1316"},"modified":"2021-11-18T12:19:53","modified_gmt":"2021-11-18T12:19:53","slug":"oprojeto","status":"publish","type":"page","link":"https:\/\/alteracoesclimaticas.ajap.pt\/?page_id=1316","title":{"rendered":"O PROJETO"},"content":{"rendered":"<div class=\"wpb-content-wrapper\"><p>[vc_row el_class=&#8221;overflow-visible&#8221;][vc_column]\r\n\t<div class=\"agrikole-spacer clearfix\" data-desktop=\"110\" data-mobi=\"60\" data-smobi=\"60\"><\/div>[vc_row_inner column_inner_spacing=&#8221;50&#8243;][vc_column_inner]<div class=\"agrikole-headings clearfix \" data-font=70 data-mfont=60 style=\"\"><div class=\"pre-heading clearfix\" style=\"font-weight:600;color:#5b8c51;font-size:14px;letter-spacing:3px;\">\r\n\t\tO PROJETO\r\n\t<\/div><h2 class=\"heading clearfix \" style=\"line-height:70px;font-size:70px;\">\r\n\t\tALTERA\u00c7\u00d5ES CLIM\u00c1TICAS NO MUNDO RURAL\r\n\t<\/h2><div class=\"sep clearfix\" style=\"margin:5px 0 0;\">\r\n\t\t\t\t<img decoding=\"async\" alt=\"image\" src=\"https:\/\/alteracoesclimaticas.ajap.pt\/wp-content\/uploads\/2020\/01\/separator.png\">\r\n\t\t\t<\/div><\/div>\r\n\t<div class=\"agrikole-spacer clearfix\" data-desktop=\"30\" data-mobi=\"15\" data-smobi=\"15\"><\/div>[vc_column_text]O Projeto designado \u201cAltera\u00e7\u00f5es Clim\u00e1ticas no Mundo Rural \u2013 Impactos e Medidas de Adapta\u00e7\u00e3o e Mitiga\u00e7\u00e3o\u201d, desenvolvido ao abrigo do PDR2020, Opera\u00e7\u00e3o 2.1.4 &#8211; A\u00e7\u00f5es de Informa\u00e7\u00e3o objetiva a realiza\u00e7\u00e3o de atividades de dissemina\u00e7\u00e3o de informa\u00e7\u00e3o t\u00e9cnica, designadamente nos dom\u00ednios do ambiente e clima, competitividade e do desenvolvimento dos territ\u00f3rios rurais. As a\u00e7\u00f5es definidas visam dotar os agentes do setor da produ\u00e7\u00e3o de Produtos Agr\u00edcolas e Pecu\u00e1rios, Florestais e da Transforma\u00e7\u00e3o e Comercializa\u00e7\u00e3o de Produtos Agr\u00edcolas, de instrumentos e informa\u00e7\u00e3o para melhor responder aos principais desafios do mundo rural relacionados com altera\u00e7\u00f5es clim\u00e1ticas, com enfoque nas medidas de adapta\u00e7\u00e3o \u00e0s altera\u00e7\u00f5es clim\u00e1ticas e nas medidas de mitiga\u00e7\u00e3o dos seus efeitos, com o objetivo de que possam contribuir para o aumento da sustentabilidade e competitividade no Mundo Rural.[\/vc_column_text][vc_column_text]A opera\u00e7\u00e3o envolve a conce\u00e7\u00e3o de um vasto conjunto de produtos, de diferentes tipologias, sendo de destacar:<\/p>\n<p>&#8211; Manual &#8220;Impactos das Altera\u00e7\u00f5es Clim\u00e1ticas no Mundo Rural&#8221;<br \/>\n&#8211; Manual &#8220;Adapta\u00e7\u00e3o \u00e0s Altera\u00e7\u00f5es Clim\u00e1ticas no Mundo Rural&#8221;<br \/>\n&#8211; Manual &#8220;Mitiga\u00e7\u00e3o das Altera\u00e7\u00f5es Clim\u00e1ticas no Mundo Rural&#8221;<br \/>\n&#8211; Tr\u00edpticos de Adapta\u00e7\u00e3o<br \/>\n&#8211; Tr\u00edpticos de Mitiga\u00e7\u00e3o<br \/>\n&#8211; Flyers Altera\u00e7\u00f5es Clim\u00e1ticas no Mundo Rural<br \/>\n\u2013 V\u00eddeo dedicado \u00e0s Medidas de Adapta\u00e7\u00e3o \u00e0s Altera\u00e7\u00f5es Clim\u00e1ticas no Mundo Rural<br \/>\n&#8211; V\u00eddeo centrado nas Medidas de Mitiga\u00e7\u00e3o \u00e0s Altera\u00e7\u00f5es Clim\u00e1ticas no Mundo Rural<br \/>\n&#8211; Participa\u00e7\u00e3o na Feira Nacional da Agricultura Santar\u00e9m e AGRO Braga com <em>stand<\/em> dedicado exclusivamente \u00e0 tem\u00e1tica das Altera\u00e7\u00f5es Clim\u00e1ticas no Mundo Rural<br \/>\n&#8211; Semin\u00e1rio Final visando divulga\u00e7\u00e3o alargada aos diferentes agentes do setor tendo como p\u00fablico-alvo priorit\u00e1rio os agentes do setor da produ\u00e7\u00e3o de produtos agr\u00edcolas, da produ\u00e7\u00e3o de produtos florestais e da transforma\u00e7\u00e3o e\/ou comercializa\u00e7\u00e3o de produtos agr\u00edcolas.[\/vc_column_text][\/vc_column_inner][\/vc_row_inner]\r\n\t<div class=\"agrikole-spacer clearfix\" data-desktop=\"120\" data-mobi=\"60\" data-smobi=\"60\"><\/div>[\/vc_column][\/vc_row][vc_row css=&#8221;.vc_custom_1636644099526{padding-top: 10% !important;padding-bottom: 10% !important;background-image: url(https:\/\/alteracoesclimaticas.ajap.pt\/wp-content\/uploads\/2021\/11\/dual.jpg?id=14655) !important;background-position: center !important;background-repeat: no-repeat !important;background-size: cover !important;}&#8221;][vc_column][\/vc_column][\/vc_row][vc_row full_width=&#8221;stretch_row&#8221; css=&#8221;.vc_custom_1582594548016{background: #f5f0e9 url(http:\/\/ninzio.com\/agrikole\/wp-content\/uploads\/2020\/02\/section-bg2.jpg?id=13812) !important;background-position: center !important;background-repeat: no-repeat !important;background-size: cover !important;}&#8221; el_class=&#8221;overflow-visible&#8221;][vc_column]\r\n\t<div class=\"agrikole-spacer clearfix\" data-desktop=\"112\" data-mobi=\"60\" data-smobi=\"60\"><\/div><div class=\"agrikole-headings clearfix text-center\" data-font=70 data-mfont=60 style=\"\"><h2 class=\"heading clearfix \" style=\"line-height:70px;font-size:70px;\">\r\n\t\tOBJETIVOS\r\n\t<\/h2><div class=\"sep clearfix\" style=\"margin:5px 0 0;\">\r\n\t\t\t\t<img decoding=\"async\" alt=\"image\" src=\"https:\/\/alteracoesclimaticas.ajap.pt\/wp-content\/uploads\/2020\/01\/separator.png\">\r\n\t\t\t<\/div><\/div>\r\n\t<div class=\"agrikole-spacer clearfix\" data-desktop=\"56\" data-mobi=\"40\" data-smobi=\"40\"><\/div>[vc_column_text]- Veicular informa\u00e7\u00e3o atualizada relativa \u00e0s altera\u00e7\u00f5es clim\u00e1ticas e seus impactos<br \/>\n&#8211; \u00a0Disseminar solu\u00e7\u00f5es de adapta\u00e7\u00e3o atualmente em vigor, suscet\u00edveis de implementa\u00e7\u00e3o na gest\u00e3o agr\u00edcola e florestal<br \/>\n&#8211;\u00a0 Divulgar as principais medidas de mitiga\u00e7\u00e3o das altera\u00e7\u00f5es clim\u00e1ticas[\/vc_column_text]\r\n\t<div class=\"agrikole-spacer clearfix\" data-desktop=\"100\" data-mobi=\"40\" data-smobi=\"40\"><\/div>[\/vc_column][\/vc_row][vc_row css=&#8221;.vc_custom_1636644168510{padding-top: 5% !important;}&#8221;][vc_column width=&#8221;1\/4&#8243;][\/vc_column][vc_column width=&#8221;1\/2&#8243;][vc_single_image image=&#8221;14647&#8243; alignment=&#8221;center&#8221;][\/vc_column][vc_column width=&#8221;1\/4&#8243;][\/vc_column][\/vc_row]<\/p>\n<\/div>","protected":false},"excerpt":{"rendered":"<p>[vc_row el_class=&#8221;overflow-visible&#8221;][vc_column][vc_row_inner column_inner_spacing=&#8221;50&#8243;][vc_column_inner][vc_column_text]O Projeto designado \u201cAltera\u00e7\u00f5es Clim\u00e1ticas no Mundo Rural \u2013 Impactos e Medidas de Adapta\u00e7\u00e3o e Mitiga\u00e7\u00e3o\u201d, desenvolvido ao abrigo do PDR2020, Opera\u00e7\u00e3o 2.1.4 &#8211; A\u00e7\u00f5es de Informa\u00e7\u00e3o objetiva a realiza\u00e7\u00e3o de atividades de dissemina\u00e7\u00e3o de informa\u00e7\u00e3o t\u00e9cnica, designadamente nos dom\u00ednios do ambiente e clima, competitividade e do desenvolvimento<\/p>\n","protected":false},"author":1,"featured_media":0,"parent":0,"menu_order":0,"comment_status":"closed","ping_status":"closed","template":"","meta":{"footnotes":""},"class_list":["post-1316","page","type-page","status-publish","hentry"],"_links":{"self":[{"href":"https:\/\/alteracoesclimaticas.ajap.pt\/index.php?rest_route=\/wp\/v2\/pages\/1316","targetHints":{"allow":["GET"]}}],"collection":[{"href":"https:\/\/alteracoesclimaticas.ajap.pt\/index.php?rest_route=\/wp\/v2\/pages"}],"about":[{"href":"https:\/\/alteracoesclimaticas.ajap.pt\/index.php?rest_route=\/wp\/v2\/types\/page"}],"author":[{"embeddable":true,"href":"https:\/\/alteracoesclimaticas.ajap.pt\/index.php?rest_route=\/wp\/v2\/users\/1"}],"replies":[{"embeddable":true,"href":"https:\/\/alteracoesclimaticas.ajap.pt\/index.php?rest_route=%2Fwp%2Fv2%2Fcomments&post=1316"}],"version-history":[{"count":19,"href":"https:\/\/alteracoesclimaticas.ajap.pt\/index.php?rest_route=\/wp\/v2\/pages\/1316\/revisions"}],"predecessor-version":[{"id":14657,"href":"https:\/\/alteracoesclimaticas.ajap.pt\/index.php?rest_route=\/wp\/v2\/pages\/1316\/revisions\/14657"}],"wp:attachment":[{"href":"https:\/\/alteracoesclimaticas.ajap.pt\/index.php?rest_route=%2Fwp%2Fv2%2Fmedia&parent=1316"}],"curies":[{"name":"wp","href":"https:\/\/api.w.org\/{rel}","templated":true}]}}

<div class="wpb-content-wrapper"><p>[vc_row el_class=&#8221;overflow-visible&#8221;][vc_column]
	<div class="agrikole-spacer clearfix" data-desktop="110" data-mobi="60" data-smobi="60"></div>[vc_row_inner column_inner_spacing=&#8221;50&#8243;][vc_column_inner]<div class="agrikole-headings clearfix " data-font=70 data-mfont=60 style=""><div class="pre-heading clearfix" style="font-weight:600;color:#5b8c51;font-size:14px;letter-spacing:3px;">
		O PROJETO
	</div><h2 class="heading clearfix " style="line-height:70px;font-size:70px;">
		ALTERAÇÕES CLIMÁTICAS NO MUNDO RURAL
	</h2><div class="sep clearfix" style="margin:5px 0 0;">
				<img decoding="async" alt="image" src="https://alteracoesclimaticas.ajap.pt/wp-content/uploads/2020/01/separator.png">
			</div></div>
	<div class="agrikole-spacer clearfix" data-desktop="30" data-mobi="15" data-smobi="15"></div>[vc_column_text]O Projeto designado “Alterações Climáticas no Mundo Rural – Impactos e Medidas de Adaptação e Mitigação”, desenvolvido ao abrigo do PDR2020, Operação 2.1.4 &#8211; Ações de Informação objetiva a realização de atividades de disseminação de informação técnica, designadamente nos domínios do ambiente e clima, competitividade e do desenvolvimento dos territórios rurais. As ações definidas visam dotar os agentes do setor da produção de Produtos Agrícolas e Pecuários, Florestais e da Transformação e Comercialização de Produtos Agrícolas, de instrumentos e informação para melhor responder aos principais desafios do mundo rural relacionados com alterações climáticas, com enfoque nas medidas de adaptação às alterações climáticas e nas medidas de mitigação dos seus efeitos, com o objetivo de que possam contribuir para o aumento da sustentabilidade e competitividade no Mundo Rural.[/vc_column_text][vc_column_text]A operação envolve a conceção de um vasto conjunto de produtos, de diferentes tipologias, sendo de destacar:</p>
<p>&#8211; Manual &#8220;Impactos das Alterações Climáticas no Mundo Rural&#8221;<br />
&#8211; Manual &#8220;Adaptação às Alterações Climáticas no Mundo Rural&#8221;<br />
&#8211; Manual &#8220;Mitigação das Alterações Climáticas no Mundo Rural&#8221;<br />
&#8211; Trípticos de Adaptação<br />
&#8211; Trípticos de Mitigação<br />
&#8211; Flyers Alterações Climáticas no Mundo Rural<br />
– Vídeo dedicado às Medidas de Adaptação às Alterações Climáticas no Mundo Rural<br />
&#8211; Vídeo centrado nas Medidas de Mitigação às Alterações Climáticas no Mundo Rural<br />
&#8211; Participação na Feira Nacional da Agricultura Santarém e AGRO Braga com <em>stand</em> dedicado exclusivamente à temática das Alterações Climáticas no Mundo Rural<br />
&#8211; Seminário Final visando divulgação alargada aos diferentes agentes do setor tendo como público-alvo prioritário os agentes do setor da produção de produtos agrícolas, da produção de produtos florestais e da transformação e/ou comercialização de produtos agrícolas.[/vc_column_text][/vc_column_inner][/vc_row_inner]
	<div class="agrikole-spacer clearfix" data-desktop="120" data-mobi="60" data-smobi="60"></div>[/vc_column][/vc_row][vc_row css=&#8221;.vc_custom_1636644099526{padding-top: 10% !important;padding-bottom: 10% !important;background-image: url(https://alteracoesclimaticas.ajap.pt/wp-content/uploads/2021/11/dual.jpg?id=14655) !important;background-position: center !important;background-repeat: no-repeat !important;background-size: cover !important;}&#8221;][vc_column][/vc_column][/vc_row][vc_row full_width=&#8221;stretch_row&#8221; css=&#8221;.vc_custom_1582594548016{background: #f5f0e9 url(http://ninzio.com/agrikole/wp-content/uploads/2020/02/section-bg2.jpg?id=13812) !important;background-position: center !important;background-repeat: no-repeat !important;background-size: cover !important;}&#8221; el_class=&#8221;overflow-visible&#8221;][vc_column]
	<div class="agrikole-spacer clearfix" data-desktop="112" data-mobi="60" data-smobi="60"></div><div class="agrikole-headings clearfix text-center" data-font=70 data-mfont=60 style=""><h2 class="heading clearfix " style="line-height:70px;font-size:70px;">
		OBJETIVOS
	</h2><div class="sep clearfix" style="margin:5px 0 0;">
				<img decoding="async" alt="image" src="https://alteracoesclimaticas.ajap.pt/wp-content/uploads/2020/01/separator.png">
			</div></div>
	<div class="agrikole-spacer clearfix" data-desktop="56" data-mobi="40" data-smobi="40"></div>[vc_column_text]- Veicular informação atualizada relativa às alterações climáticas e seus impactos<br />
&#8211;  Disseminar soluções de adaptação atualmente em vigor, suscetíveis de implementação na gestão agrícola e florestal<br />
&#8211;  Divulgar as principais medidas de mitigação das alterações climáticas[/vc_column_text]
	<div class="agrikole-spacer clearfix" data-desktop="100" data-mobi="40" data-smobi="40"></div>[/vc_column][/vc_row][vc_row css=&#8221;.vc_custom_1636644168510{padding-top: 5% !important;}&#8221;][vc_column width=&#8221;1/4&#8243;][/vc_column][vc_column width=&#8221;1/2&#8243;][vc_single_image image=&#8221;14647&#8243; alignment=&#8221;center&#8221;][/vc_column][vc_column width=&#8221;1/4&#8243;][/vc_column][/vc_row]</p>
</div>

<p>[vc_row el_class=&#8221;overflow-visible&#8221;][vc_column][vc_row_inner column_inner_spacing=&#8221;50&#8243;][vc_column_inner][vc_column_text]O Projeto designado “Alterações Climáticas no Mundo Rural – Impactos e Medidas de Adaptação e Mitigação”, desenvolvido ao abrigo do PDR2020, Operação 2.1.4 &#8211; Ações de Informação objetiva a realização de atividades de disseminação de informação técnica, designadamente nos domínios do ambiente e clima, competitividade e do desenvolvimento</p>
